{"id":69,"date":"2021-04-21T22:00:04","date_gmt":"2021-04-21T20:00:04","guid":{"rendered":"https:\/\/wp.gruene-florstadt.de\/?page_id=69"},"modified":"2026-01-16T16:37:46","modified_gmt":"2026-01-16T15:37:46","slug":"kontakt","status":"publish","type":"page","link":"https:\/\/gruene-florstadt.de\/?page_id=69","title":{"rendered":"Kontakt"},"content":{"rendered":"\n<p>Sie suchen Kontakt zu den GR\u00dcNEN Florstadt, m\u00f6chten uns etwas mitteilen, haben Fragen, Kritik oder Anregungen? Nehmen Sie Kontakt auf oder besuchen Sie unsere \u00f6ffentlichen Treffen, die Sie im Terminkalender finden. Wir freuen uns \u00fcber Vorschl\u00e4ge, Fragen und Anregungen und melden uns gerne zeitnah bei Ihnen.<\/p>\n\n\n\n<h3 class=\"wp-block-heading\"><strong>B\u00dcNDNIS 90\/DIE GR\u00dcNEN Ortsverband Florstadt<\/strong><\/h3>\n\n\n\n<p>Fraktionsvorsitzende<br>c\/o Gudrun Neher<br>Feldbergstra\u00dfe 2<br>61197 Florstadt<br>Hessen<\/p>\n\n\n\n<p>Tel.: 06035 7407<br>E-Mail: <a rel=\"noreferrer noopener\" href=\"mailto:info@gruene-florstadt.de\" target=\"_blank\">info@gruene-florstadt.de<\/a><br>Website: <a rel=\"noreferrer noopener\" href=\"https:\/\/wp.gruene-florstadt.de\/\" target=\"_blank\">www.gruene-florstadt.de<\/a><\/p>\n\n\n\n<h3 class=\"wp-block-heading\">Ortsbeir\u00e4te<\/h3>\n\n\n\n<p><strong>Ortsbeirat Nieder-Mockstadt<\/strong><br>Stephan Mickel, Ortsvorsteher, E-Mail: <a rel=\"noreferrer noopener\" href=\"stephan.mickel@gmail.com\" data-type=\"URL\" data-id=\"stephan.mickel@gmail.com\" target=\"_blank\">stephan.mickel@gmail.com <\/a><\/p>\n\n\n\n<p><strong>Ortsbeirat Nieder-Florstadt und Ober-Florstadt<\/strong><br>Ina Fuy, E-Mail: <a rel=\"noreferrer noopener\" href=\"mailto:ina.freisleben@gmx.de\" target=\"_blank\">ina.freisleben@gmx.de<\/a><\/p>\n\n\n\n<p><strong>Ortsbeirat Stammheim<\/strong><br>Heidi Bauer-Klahr, E-Mail: <a rel=\"noreferrer noopener\" href=\"mailto:heidi.bauer-klar@outlook.de\" target=\"_blank\">heidi.bauer-klar@outlook.de<\/a><\/p>\n\n\n\n<h3 class=\"wp-block-heading\">Social Media<\/h3>\n\n\n\n<p><strong>Facebook<\/strong> <a rel=\"noreferrer noopener\" href=\"https:\/\/www.facebook.com\/Gruene.Florstadt\" target=\"_blank\">https:\/\/www.facebook.com\/Gruene.Florstadt<\/a><\/p>\n\n\n\n<p><strong>Instagram<\/strong> grueneflorstadt<\/p>\n","protected":false},"excerpt":{"rendered":"<p>Sie suchen Kontakt zu den GR\u00dcNEN Florstadt, m\u00f6chten uns etwas mitteilen, haben Fragen, Kritik oder Anregungen? Nehmen Sie Kontakt auf oder besuchen Sie unsere \u00f6ffentlichen Treffen, die Sie im Terminkalender&#8230; <\/p>\n","protected":false},"author":1,"featured_media":0,"parent":0,"menu_order":0,"comment_status":"closed","ping_status":"closed","template":"","meta":{"footnotes":""},"class_list":["post-69","page","type-page","status-publish","hentry"],"_links":{"self":[{"href":"https:\/\/gruene-florstadt.de\/index.php?rest_route=\/wp\/v2\/pages\/69","targetHints":{"allow":["GET"]}}],"collection":[{"href":"https:\/\/gruene-florstadt.de\/index.php?rest_route=\/wp\/v2\/pages"}],"about":[{"href":"https:\/\/gruene-florstadt.de\/index.php?rest_route=\/wp\/v2\/types\/page"}],"author":[{"embeddable":true,"href":"https:\/\/gruene-florstadt.de\/index.php?rest_route=\/wp\/v2\/users\/1"}],"replies":[{"embeddable":true,"href":"https:\/\/gruene-florstadt.de\/index.php?rest_route=%2Fwp%2Fv2%2Fcomments&post=69"}],"version-history":[{"count":6,"href":"https:\/\/gruene-florstadt.de\/index.php?rest_route=\/wp\/v2\/pages\/69\/revisions"}],"predecessor-version":[{"id":1035,"href":"https:\/\/gruene-florstadt.de\/index.php?rest_route=\/wp\/v2\/pages\/69\/revisions\/1035"}],"wp:attachment":[{"href":"https:\/\/gruene-florstadt.de\/index.php?rest_route=%2Fwp%2Fv2%2Fmedia&parent=69"}],"curies":[{"name":"wp","href":"https:\/\/api.w.org\/{rel}","templated":true}]}}